*a + 8 = 0. What is the tens digit of (-12)/b*(-23)/3?
2
Let a(z) = 3*z - 6. Let f be 99/21 + (-2)/(-7). What is the units digit of a(f)?
9
Let v = -67 + 88. What is the tens digit of v?
2
Let s be (-1)/(-5) - 14/(-5). Suppose 4*m - s*h + 0 + 2 = 0, 10 = 2*m + 4*h. What is the units digit of m?
1
Let o(j) = 2*j**2 - 8*j - 14. What is the units digit of o(-7)?
0
Suppose -4*x + 1357 = -w, 0 = 2*x + w - 315 - 362. What is the tens digit of x?
3
Let a = -32 + 46. What is the units digit of 76/a - 8/(-14)?
6
Let n(s) = 8*s - 11. What is the units digit of n(5)?
9
Let t(g) = 5*g**2 - g + 9. What is the tens digit of t(5)?
2
Let m be (-16)/(-9) - (-2)/9. Suppose 5*u - 8 = m. Suppose -u*p - 5*z + 7*z = -44, -2*p = z - 41. What is the tens digit of p?
2
Suppose -a - o = 8, -a - 2*o = -3*o + 8. Let t(u) be the first derivative of -u**2/2 + 2*u + 2. What is the tens digit of t(a)?
1
Let k(l) = l**2 + l. Let z be k(1). What is the units digit of 22/z + 21/(-7)?
8
Let n = 5 - 3. Suppose -n = 3*k - 20. What is the units digit of (-4)/(-8) - k/(-4)?
2
Let d = 20 + 3. What is the units digit of d?
3
Let k(n) = 6*n + 1. Let g be k(-1). Let v be 4/10 - 13/g. Let a = -2 + v. What is the units digit of a?
1
Let l be 3*1*24/9. Let a = -4 + l. Suppose 0 = -2*m + a*m - 6. What is the units digit of m?
3
Let f be (-7)/(-14)*0/(-1). Suppose 3*r + n - 75 = f, -55 = -2*r - 0*n + n. Let j = r + -16. What is the units digit of j?
0
Let u(q) = q**2 + 4*q + 4. What is the tens digit of u(-7)?
2
Let o(w) = -w**2 + 7*w - 6. Let t be o(5). Suppose -j - t*s + 2*s + 21 = 0, 9 = -j + 4*s. What is the tens digit of j?
1
Let f = -395 - -598. What is the hundreds digit of f?
2
Suppose 0 = 4*o + o. Suppose 0 = -b + 6 - o. What is the units digit of b?
6
Suppose 0 = -2*v + 3*v - 10. Let l be v/(-4) + 3/6. Let s = l - -3. What is the units digit of s?
1
Let x be (-1)/((-2)/(-2) - 0). What is the tens digit of 0 + x/((-3)/42)?
1
What is the units digit of (-526)/(-6) + 18/(-27)?
7
Suppose -242 - 141 = -g. What is the tens digit of g?
8
Let q be (-4)/(-5)*25/(-10). Let u be -6 + 1/2*q. Let y = -4 - u. What is the units digit of y?
3
Suppose 2*r = -2*r + 36. Let s = 1 + r. Suppose -4*i + s = -5*u - i, -3*u - 17 = -4*i. What is the units digit of u?
1
What is the units digit of -4 - (-115 + (-8)/(-2))?
7
Let n = 1 + 4. Let s(o) = -9*o + 8. Let a(u) = 5*u - 4. Let i(p) = -7*a(p) - 4*s(p). What is the units digit of i(n)?
1
Let u = 6 + 17. What is the tens digit of u?
2
Let u(y) = 2*y + 27. Let n be u(-11). Suppose -n*h + 299 = -1. What is the units digit of h?
0
What is the tens digit of 1/(-10)*-5*106?
5
Let p(y) = y - 3. Let o be p(6). Suppose 2*w - 187 = -5*n + o*w, w = -2*n + 79. What is the units digit of n?
8
Let f(z) = -z**3 - 13*z**2 - 18*z - 7. Let s be f(-12). What is the units digit of 6/4 - s/(-10)?
8
Suppose -3*o + 5*y + 19 = 0, -5*o = -0*y + y - 13. Suppose -4*d = 12, -d = -o*j + d + 18. What is the units digit of (-20)/(-2)*2/j?
5
Suppose -3*o - d - 3 = 0, -5*d = 4*o - 0*o + 4. Let v = -3 + 5. Let p = v + o. What is the units digit of p?
1
Suppose -7*d - 136 = -9*d. What is the units digit of d?
8
Let g(l) = l**2 + 3. Let j be g(-4). Suppose 3*p + c - 15 = 20, 2*p + 5*c - j = 0. What is the tens digit of p?
1
Let b = 349 - 182. What is the tens digit of b?
6
Let n = 324 + -118. What is the hundreds digit of n?
2
Let i(k) = -9*k**2 + 9 - 4*k + 3*k**3 - 5*k**3 + 3*k**3 - 5*k. What is the units digit of i(10)?
9
What is the units digit of (2 - 1)*-11*-2?
2
Suppose 10 = p - 1. What is the units digit of p?
1
Let x be (-3)/6*4/(-1). Let i = 4 - x. What is the units digit of 6/(-5)*(-5)/i?
3
Suppose -974 = -4*o + 5*h, 3*o = -0*h - h + 721. What is the units digit of o?
1
Let c = 6 + -4. Let k be 1 + c + 0/(-1). What is the units digit of (3 - (-13)/k)*3?
2
Suppose 0*n - 5*n + 10 = 0. Suppose -g - 3*z = -2*g + 9, 5*z = n*g - 17. Suppose -w = -3*w + g. What is the units digit of w?
3
Let u be (-6)/(-21) - 204/(-21). Let i = -3 + u. What is the units digit of i?
7
Let i = 38 + -17. What is the units digit of i?
1
Let b(a) = 5*a - 3. Let k be (-2 - -1*7) + -2. Let i be b(k). Let t = i + -8. What is the units digit of t?
4
Let w be (-2 + 0)/((-4)/18). Let z be (-2)/(-3) + 570/w. Suppose 3*p = -16 + z. What is the tens digit of p?
1
Let x(j) = 2*j - 10. Suppose -4 - 5 = -n. What is the units digit of x(n)?
8
Suppose -2*j - 68 = 2*j. Let s = j + 28. What is the units digit of s?
1
Suppose 172 = -2*r - 2*r. Let n = 64 + r. What is the tens digit of n?
2
Let v(p) = -p**2 + 5*p + 228. What is the tens digit of v(0)?
2
Suppose 41 = m + 5*c - 120, 3*c = m - 177. What is the units digit of m?
1
Suppose -4*a + 0*a = -12. Suppose -4*i = 2*j - 66, -2*j = 2*i - 0*j - 28. Suppose 3*w + 4*r = r + 15, -4*r = a*w - i. What is the units digit of w?
1
Let p(f) = -f**2 - 9*f + 4. Let d be p(-9). Suppose -3*r = -d*r + 9. What is the units digit of r?
9
Let o be 3 - 8 - -1*1. What is the tens digit of (o + -53)*(-1)/3?
1
Suppose 0 = 2*l + 13 - 1. What is the units digit of (-17)/(-3) - l/(-9)?
5
Suppose -3*i + 32 - 11 = 0. Suppose 3*g - i = 20. What is the units digit of g?
9
Let z(i) = i**2 - 7*i - 3. Let t be z(8). What is the units digit of 1*t - (-5 + 2)?
8
Let b = 19 + -11. Suppose -28 = 3*a - 4*d - 9, -b = 4*d. What is the tens digit of (-4)/6 - 96/a?
1
Let t be (-32)/14 - (-2)/7. Let j be (12/2)/t + 1. What is the units digit of 2 + (j - -2) + 0?
2
Suppose 5*t = -7*x + 12*x - 120, 3*x - 76 = 4*t. What is the units digit of x?
0
Let n(g) = -g**3 - 13*g. What is the tens digit of n(-6)?
9
What is the units digit of ((-1)/(15/54))/(2/(-45))?
1
Suppose 3*d + 1 = 2*r, 3*d - 18 = -3*r + 2*d. What is the units digit of r?
5
Let r = 0 - -2. Suppose 2*x + 58 = 2*y, y - 31 = -3*x + r*x. What is the units digit of y?
0
Suppose 5*r - r = 36. What is the units digit of r?
9
Suppose -9 - 51 = 4*n. Let r be (-402)/n - (-2)/10. Suppose 4*x - r = -3. What is the units digit of x?
6
Suppose 3*t - 2*q + 3*q = 14, 2*t = q + 1. Suppose 5*j - 13 = -t. What is the units digit of j?
2
Let u be -3*((-80)/6 - -3). Let q = u - 10. What is the units digit of q?
1
Suppose 0*v - 29 = -f + v, -2*f = v - 49. What is the tens digit of f?
2
Suppose -4*o + p - 207 = -660, -2*o - 3*p = -223. Let t = o - 81. What is the tens digit of t?
3
Suppose -z + 12 - 10 = 0. Suppose 0 = -4*c + z*v + 194, 4*v = -3*c + 5*v + 147. What is the units digit of c?
0
Suppose -126 = -2*r - 0*r - 3*p, 0 = 2*r - 4*p - 112. What is the units digit of r?
0
What is the units digit of ((-6)/2 + -368 - 2)/(-1)?
3
Let z = -11 + 17. Suppose -2*v = -0*v + l + 13, -3*v + 3*l + 3 = 0. Let m = z + v. What is the units digit of m?
2
Let k(b) = 11*b - 7. What is the tens digit of k(5)?
4
Suppose 2*r = -0*f + f - 22, 0 = f + 3*r - 27. Suppose -z + 5*z = -f. What is the units digit of (15/(-10))/(1/z)?
9
Suppose -n = 4*n. Suppose n = y + 2*y - 39. What is the units digit of y?
3
Let l = 47 + -18. What is the tens digit of l?
2
Let v(u) = -24*u + 16. What is the hundreds digit of v(-4)?
1
Let h be 14/(-4) + (-1)/(-2). Let p be ((-1)/h)/(2/(-30)). What is the units digit of (-17)/p - (-8)/(-20)?
3
Let o = 27 + -24. What is the units digit of o?
3
Let d(g) = g**3 - 6*g**2 + 4*g + 7. Let u be d(5). Suppose -j - 5 = -5*f - u*j, -3 = -3*f - 2*j. Suppose 2*q + f - 5 = 0. What is the units digit of q?
2
Let w(x) = -x**2 + 5*x - 3. Let a(n) = -n**3 - 5*n**2 + 5*n - 3. Let f = 4 - 10. Let r be a(f). What is the units digit of w(r)?
3
Let q(s) = -s**2 + 4*s + 4. Let w be q(4). Suppose -6*d = -w*d. Suppose -2*h + 6 = -d*h. What is the units digit of h?
3
Suppose 66 = 3*p - 24. Let j = p + -21. What is the units digit of j?
9
Let u = -5 + 22. What is the tens digit of u?
1
Suppose 0 = -3*o + 56 - 17. Suppose 5*g = -4*n - 7, -2*g - 4*n = -3*g + o. Let b = g - 0. What is the units digit of b?
1
Let x(n) = 11*n - 3. Suppose 2*k = -2*z - 6, -2*k + k - 23 = 5*z. What is the tens digit of x(k)?
1
Let k(u) = u**2 + 5*u - 11. Let t be k(-7). What is the tens digit of (t + (3 - 31))*-1?
2
Suppose 0 = 5*x + 4*c - 3*c - 17, x - 4*c = -5. Suppose r = -x*j + 15, -5 = -3*r + r - j. Suppose r = 6*q - 2*q - 24. What is the units digit of q?
6
Let g = 10 + -6. What is the units digit of 1 + g + (-